{"id":4412,"date":"2023-05-29T18:32:24","date_gmt":"2023-05-29T18:32:24","guid":{"rendered":"https:\/\/evacityyonetim.com\/?page_id=4412"},"modified":"2023-05-30T22:15:14","modified_gmt":"2023-05-30T22:15:14","slug":"dis-cephe-temizleme-hizmetleri","status":"publish","type":"page","link":"https:\/\/evacityyonetim.com\/?page_id=4412","title":{"rendered":"D\u0131\u015f Cephe Temizleme Hizmetleri"},"content":{"rendered":"\t\t<div data-elementor-type=\"wp-page\" data-elementor-id=\"4412\" class=\"elementor elementor-4412\">\n\t\t\t\t\t\t<div class=\"elementor-inner\">\n\t\t\t\t<div class=\"elementor-section-wrap\">\n\t\t\t\t\t\t\t\t\t<section class=\"elementor-section elementor-top-section elementor-element elementor-element-5d5ae078 elementor-section-boxed elementor-section-height-default elementor-section-height-default\" data-id=\"5d5ae078\" data-element_type=\"section\">\n\t\t\t\t\t\t<div class=\"elementor-container elementor-column-gap-default\">\n\t\t\t\t\t\t\t<div class=\"elementor-row\">\n\t\t\t\t\t<div class=\"aux-parallax-section elementor-column elementor-col-100 elementor-top-column elementor-element elementor-element-2b9b84c1\" data-id=\"2b9b84c1\" data-element_type=\"column\">\n\t\t\t<div class=\"elementor-column-wrap elementor-element-populated\">\n\t\t\t\t\t\t\t<div class=\"elementor-widget-wrap\">\n\t\t\t\t\t\t<div class=\"elementor-element elementor-element-7a59b793 aux-appear-watch-animation aux-fade-in-right elementor-widget elementor-widget-aux_modern_heading\" data-id=\"7a59b793\" data-element_type=\"widget\" data-widget_type=\"aux_modern_heading.default\">\n\t\t\t\t<div class=\"elementor-widget-container\">\n\t\t\t<section class=\"aux-widget-modern-heading\">\n            <div class=\"aux-widget-inner\"><h2 class=\"aux-modern-heading-primary\"><\/h2><h3 class=\"aux-modern-heading-secondary\"><span class=\"aux-head-before\">D\u0131\u015f Cephe Temizleme Hizmetleri<\/span><\/h3><\/div>\n        <\/section>\t\t<\/div>\n\t\t\t\t<\/div>\n\t\t\t\t<div class=\"elementor-element elementor-element-9199b63 elementor-widget elementor-widget-text-editor\" data-id=\"9199b63\" data-element_type=\"widget\" data-widget_type=\"text-editor.default\">\n\t\t\t\t<div class=\"elementor-widget-container\">\n\t\t\t\t\t\t\t\t<div class=\"elementor-text-editor elementor-clearfix\">\n\t\t\t\t<p><img loading=\"lazy\" decoding=\"async\" class=\"alignnone  wp-image-4196 alignleft\" style=\"border-radius: 30px; margin-right: 10px;\" src=\"https:\/\/evacityyonetim.com\/wp-content\/uploads\/2023\/05\/dis-cephe-temizleme-hizmetleri-255x300.png\" alt=\"\" width=\"301\" height=\"354\" srcset=\"https:\/\/evacityyonetim.com\/wp-content\/uploads\/2023\/05\/dis-cephe-temizleme-hizmetleri-255x300.png 255w, https:\/\/evacityyonetim.com\/wp-content\/uploads\/2023\/05\/dis-cephe-temizleme-hizmetleri-768x902.png 768w, https:\/\/evacityyonetim.com\/wp-content\/uploads\/2023\/05\/dis-cephe-temizleme-hizmetleri-640x752.png 640w, https:\/\/evacityyonetim.com\/wp-content\/uploads\/2023\/05\/dis-cephe-temizleme-hizmetleri-400x470.png 400w, https:\/\/evacityyonetim.com\/wp-content\/uploads\/2023\/05\/dis-cephe-temizleme-hizmetleri-367x431.png 367w, https:\/\/evacityyonetim.com\/wp-content\/uploads\/2023\/05\/dis-cephe-temizleme-hizmetleri.png 872w\" sizes=\"auto, (max-width: 301px) 100vw, 301px\" \/><\/p><p style=\"text-align: left;\">T\u00fcrkiye\u2019de\u00a0<b><i>End\u00fcstriyel Da\u011fc\u0131l\u0131k Hizmetleri<\/i><\/b>\u00a0olarak bilinen uluslararas\u0131 literat\u00fcrde\u00a0<b><i>\u201c<\/i><\/b><b><i>rope<\/i><\/b>\u00a0<b><i>access<\/i><\/b><b><i>\u201c<\/i><\/b>\u00a0olarak adland\u0131r\u0131lan<b><i>\u00a0\u0130ple Eri\u015fim Hizmetleri<\/i><\/b>\u00a0ula\u015f\u0131lmas\u0131 zor, y\u00fcksek bina ve yap\u0131lar\u0131n bilinen da\u011fc\u0131l\u0131k teknikleriyle e\u011fitim alm\u0131\u015f uzman bir ekip taraf\u0131ndan yap\u0131lan bir \u00e7al\u0131\u015fma sistemidir.<\/p><p style=\"text-align: left;\">D\u00fcnyada uzun s\u00fcredir yap\u0131lmas\u0131na ra\u011fmen T\u00fcrkiye\u2019de yeni olan bir sistemdir.<\/p><p style=\"text-align: left;\">T\u00fcrkiye\u2019de in\u015faa edilen yap\u0131lar\u0131n dikey mimaride yap\u0131l\u0131yor olmas\u0131 ve dikey mimari ile kaplama y\u00fczeylerin artmas\u0131 \u00e7er\u00e7evesinde temizli\u011fi, bak\u0131m\u0131 ve onar\u0131m\u0131 sorun olmaya ba\u015flam\u0131\u015ft\u0131r.<\/p><p style=\"text-align: left;\">Bu nedenle binalara ait d\u0131\u015f cephenin in\u015faat sonras\u0131 ve ilkbahar mevsiminde yap\u0131lan periyodik temizli\u011fi en ekonomik ve en emniyetli \u00e7\u00f6z\u00fcm olarak end\u00fcstriyel da\u011fc\u0131l\u0131k sistemiyle ger\u00e7ekle\u015fmektedir.<\/p><p style=\"text-align: left;\"><b>EVACITY <\/b>olarak toplu konut, residence, al\u0131\u015fveri\u015f merkezleri, \u00f6zel ofis ve i\u015f merkezleri, \u00e7ok katl\u0131 plaza, hastane, okul ve hotel ile fabrikalar\u0131n t\u00fcm d\u0131\u015f cephe cam temizliklerini talebiniz do\u011frultusunda her biri alan\u0131nda deneyimli, y\u00fcksekte \u00e7al\u0131\u015fma sertifikal\u0131 da\u011fc\u0131 ekiplerimizle yaparak, sorunsuz bir \u015fekilde teslim ediyoruz.<\/p><p style=\"text-align: left;\"><b>\u00c7\u00fcnk\u00fc biz, i\u015fimizi severek\u00a0<\/b><b>yap\u0131yoruz.<\/b><\/p>\t\t\t\t\t<\/div>\n\t\t\t\t\t\t<\/div>\n\t\t\t\t<\/div>\n\t\t\t\t\t\t<\/div>\n\t\t\t\t\t<\/div>\n\t\t<\/div>\n\t\t\t\t\t\t\t\t<\/div>\n\t\t\t\t\t<\/div>\n\t\t<\/section>\n\t\t\t\t<section class=\"elementor-section elementor-top-section elementor-element elementor-element-59948f91 elementor-section-boxed elementor-section-height-default elementor-section-height-default\" data-id=\"59948f91\" data-element_type=\"section\">\n\t\t\t\t\t\t<div class=\"elementor-container elementor-column-gap-no\">\n\t\t\t\t\t\t\t<div class=\"elementor-row\">\n\t\t\t\t\t<div class=\"aux-parallax-section elementor-column elementor-col-100 elementor-top-column elementor-element elementor-element-231f8f80\" data-id=\"231f8f80\" data-element_type=\"column\" data-settings=\"{&quot;background_background&quot;:&quot;gradient&quot;}\">\n\t\t\t<div class=\"elementor-column-wrap elementor-element-populated\">\n\t\t\t\t\t\t\t<div class=\"elementor-widget-wrap\">\n\t\t\t\t\t\t<section class=\"elementor-section elementor-inner-section elementor-element elementor-element-41d7b8c5 elementor-section-height-min-height elementor-section-boxed elementor-section-height-default\" data-id=\"41d7b8c5\" data-element_type=\"section\">\n\t\t\t\t\t\t<div class=\"elementor-container elementor-column-gap-default\">\n\t\t\t\t\t\t\t<div class=\"elementor-row\">\n\t\t\t\t\t<div class=\"aux-parallax-section elementor-column elementor-col-50 elementor-inner-column elementor-element elementor-element-47d1398d\" data-id=\"47d1398d\" data-element_type=\"column\">\n\t\t\t<div class=\"elementor-column-wrap elementor-element-populated\">\n\t\t\t\t\t\t\t<div class=\"elementor-widget-wrap\">\n\t\t\t\t\t\t<div class=\"elementor-element elementor-element-330d3664 elementor-widget__width-auto aux-appear-watch-animation aux-slide-from-bot elementor-widget elementor-widget-counter\" data-id=\"330d3664\" data-element_type=\"widget\" data-widget_type=\"counter.default\">\n\t\t\t\t<div class=\"elementor-widget-container\">\n\t\t\t\t\t<div class=\"elementor-counter\">\n\t\t\t<div class=\"elementor-counter-number-wrapper\">\n\t\t\t\t<span class=\"elementor-counter-number-prefix\">%<\/span>\n\t\t\t\t<span class=\"elementor-counter-number\" data-duration=\"2000\" data-to-value=\"100\" data-from-value=\"0\" data-delimiter=\",\">0<\/span>\n\t\t\t\t<span class=\"elementor-counter-number-suffix\"><\/span>\n\t\t\t<\/div>\n\t\t\t\t\t<\/div>\n\t\t\t\t<\/div>\n\t\t\t\t<\/div>\n\t\t\t\t<div class=\"elementor-element elementor-element-3111f0e7 elementor-widget__width-auto elementor-widget-tablet__width-inherit elementor-widget-mobile__width-auto aux-appear-watch-animation aux-slide-from-top elementor-widget elementor-widget-aux_modern_heading\" data-id=\"3111f0e7\" data-element_type=\"widget\" data-widget_type=\"aux_modern_heading.default\">\n\t\t\t\t<div class=\"elementor-widget-container\">\n\t\t\t<section class=\"aux-widget-modern-heading\">\n            <div class=\"aux-widget-inner\"><h2 class=\"aux-modern-heading-primary\">Y\u0131ll\u0131k Tecr\u00fcbemiz<\/h2><\/div>\n        <\/section>\t\t<\/div>\n\t\t\t\t<\/div>\n\t\t\t\t\t\t<\/div>\n\t\t\t\t\t<\/div>\n\t\t<\/div>\n\t\t\t\t<div class=\"aux-parallax-section elementor-column elementor-col-50 elementor-inner-column elementor-element elementor-element-6ee041c0\" data-id=\"6ee041c0\" data-element_type=\"column\">\n\t\t\t<div class=\"elementor-column-wrap elementor-element-populated\">\n\t\t\t\t\t\t\t<div class=\"elementor-widget-wrap\">\n\t\t\t\t\t\t<div class=\"elementor-element elementor-element-16844f74 elementor-widget__width-auto aux-appear-watch-animation aux-slide-from-bot elementor-widget elementor-widget-counter\" data-id=\"16844f74\" data-element_type=\"widget\" data-widget_type=\"counter.default\">\n\t\t\t\t<div class=\"elementor-widget-container\">\n\t\t\t\t\t<div class=\"elementor-counter\">\n\t\t\t<div class=\"elementor-counter-number-wrapper\">\n\t\t\t\t<span class=\"elementor-counter-number-prefix\"><\/span>\n\t\t\t\t<span class=\"elementor-counter-number\" data-duration=\"2000\" data-to-value=\"50\" data-from-value=\"0\" data-delimiter=\",\">0<\/span>\n\t\t\t\t<span class=\"elementor-counter-number-suffix\">+<\/span>\n\t\t\t<\/div>\n\t\t\t\t\t<\/div>\n\t\t\t\t<\/div>\n\t\t\t\t<\/div>\n\t\t\t\t<div class=\"elementor-element elementor-element-3c5e2c23 elementor-widget__width-auto elementor-widget-tablet__width-inherit elementor-widget-mobile__width-auto aux-appear-watch-animation aux-slide-from-top elementor-widget elementor-widget-aux_modern_heading\" data-id=\"3c5e2c23\" data-element_type=\"widget\" data-widget_type=\"aux_modern_heading.default\">\n\t\t\t\t<div class=\"elementor-widget-container\">\n\t\t\t<section class=\"aux-widget-modern-heading\">\n            <div class=\"aux-widget-inner\"><h2 class=\"aux-modern-heading-primary\">M\u00fc\u015fterilerimiz<\/h2><\/div>\n        <\/section>\t\t<\/div>\n\t\t\t\t<\/div>\n\t\t\t\t\t\t<\/div>\n\t\t\t\t\t<\/div>\n\t\t<\/div>\n\t\t\t\t<div class=\"aux-parallax-section elementor-column elementor-col-50 elementor-inner-column elementor-element elementor-element-4410eac0\" data-id=\"4410eac0\" data-element_type=\"column\">\n\t\t\t<div class=\"elementor-column-wrap elementor-element-populated\">\n\t\t\t\t\t\t\t<div class=\"elementor-widget-wrap\">\n\t\t\t\t\t\t<div class=\"elementor-element elementor-element-34c36172 elementor-widget__width-auto aux-appear-watch-animation aux-slide-from-bot elementor-widget elementor-widget-counter\" data-id=\"34c36172\" data-element_type=\"widget\" data-widget_type=\"counter.default\">\n\t\t\t\t<div class=\"elementor-widget-container\">\n\t\t\t\t\t<div class=\"elementor-counter\">\n\t\t\t<div class=\"elementor-counter-number-wrapper\">\n\t\t\t\t<span class=\"elementor-counter-number-prefix\"><\/span>\n\t\t\t\t<span class=\"elementor-counter-number\" data-duration=\"2000\" data-to-value=\"9\" data-from-value=\"0\" data-delimiter=\",\">0<\/span>\n\t\t\t\t<span class=\"elementor-counter-number-suffix\">+<\/span>\n\t\t\t<\/div>\n\t\t\t\t\t<\/div>\n\t\t\t\t<\/div>\n\t\t\t\t<\/div>\n\t\t\t\t<div class=\"elementor-element elementor-element-6fc981a0 elementor-widget__width-auto elementor-widget-tablet__width-inherit elementor-widget-mobile__width-auto aux-appear-watch-animation aux-slide-from-top elementor-widget elementor-widget-aux_modern_heading\" data-id=\"6fc981a0\" data-element_type=\"widget\" data-widget_type=\"aux_modern_heading.default\">\n\t\t\t\t<div class=\"elementor-widget-container\">\n\t\t\t<section class=\"aux-widget-modern-heading\">\n            <div class=\"aux-widget-inner\"><h2 class=\"aux-modern-heading-primary\">Y\u0131ll\u0131k Tecr\u00fcbemiz<\/h2><\/div>\n        <\/section>\t\t<\/div>\n\t\t\t\t<\/div>\n\t\t\t\t\t\t<\/div>\n\t\t\t\t\t<\/div>\n\t\t<\/div>\n\t\t\t\t\t\t\t\t<\/div>\n\t\t\t\t\t<\/div>\n\t\t<\/section>\n\t\t\t\t\t\t<\/div>\n\t\t\t\t\t<\/div>\n\t\t<\/div>\n\t\t\t\t\t\t\t\t<\/div>\n\t\t\t\t\t<\/div>\n\t\t<\/section>\n\t\t\t\t\t\t\t\t\t<\/div>\n\t\t\t<\/div>\n\t\t\t\t\t<\/div>\n\t\t","protected":false},"excerpt":{"rendered":"<p>D\u0131\u015f Cephe Temizleme Hizmetleri T\u00fcrkiye\u2019de&nbsp;End\u00fcstriyel Da\u011fc\u0131l\u0131k Hizmetleri&nbsp;olarak bilinen uluslararas\u0131 literat\u00fcrde&nbsp;\u201crope&nbsp;access\u201c&nbsp;olarak adland\u0131r\u0131lan&nbsp;\u0130ple Eri\u015fim Hizmetleri&nbsp;ula\u015f\u0131lmas\u0131 zor, y\u00fcksek bina ve yap\u0131lar\u0131n bilinen da\u011fc\u0131l\u0131k teknikleriyle e\u011fitim alm\u0131\u015f uzman bir ekip taraf\u0131ndan yap\u0131lan bir \u00e7al\u0131\u015fma sistemidir. D\u00fcnyada uzun s\u00fcredir yap\u0131lmas\u0131na ra\u011fmen T\u00fcrkiye\u2019de yeni olan bir sistemdir. T\u00fcrkiye\u2019de in\u015faa edilen yap\u0131lar\u0131n dikey mimaride yap\u0131l\u0131yor olmas\u0131 ve dikey mimari ile kaplama y\u00fczeylerin [&hellip;]<\/p>\n","protected":false},"author":1,"featured_media":0,"parent":0,"menu_order":0,"comment_status":"closed","ping_status":"closed","template":"","meta":{"footnotes":""},"class_list":["post-4412","page","type-page","status-publish","hentry"],"_links":{"self":[{"href":"https:\/\/evacityyonetim.com\/index.php?rest_route=\/wp\/v2\/pages\/4412","targetHints":{"allow":["GET"]}}],"collection":[{"href":"https:\/\/evacityyonetim.com\/index.php?rest_route=\/wp\/v2\/pages"}],"about":[{"href":"https:\/\/evacityyonetim.com\/index.php?rest_route=\/wp\/v2\/types\/page"}],"author":[{"embeddable":true,"href":"https:\/\/evacityyonetim.com\/index.php?rest_route=\/wp\/v2\/users\/1"}],"replies":[{"embeddable":true,"href":"https:\/\/evacityyonetim.com\/index.php?rest_route=%2Fwp%2Fv2%2Fcomments&post=4412"}],"version-history":[{"count":11,"href":"https:\/\/evacityyonetim.com\/index.php?rest_route=\/wp\/v2\/pages\/4412\/revisions"}],"predecessor-version":[{"id":4807,"href":"https:\/\/evacityyonetim.com\/index.php?rest_route=\/wp\/v2\/pages\/4412\/revisions\/4807"}],"wp:attachment":[{"href":"https:\/\/evacityyonetim.com\/index.php?rest_route=%2Fwp%2Fv2%2Fmedia&parent=4412"}],"curies":[{"name":"wp","href":"https:\/\/api.w.org\/{rel}","templated":true}]}}