{"id":4416,"date":"2023-05-29T18:59:35","date_gmt":"2023-05-29T18:59:35","guid":{"rendered":"https:\/\/evacityyonetim.com\/?page_id=4416"},"modified":"2023-05-30T22:16:40","modified_gmt":"2023-05-30T22:16:40","slug":"teknik-hizmetler","status":"publish","type":"page","link":"https:\/\/evacityyonetim.com\/?page_id=4416","title":{"rendered":"Teknik Hizmetler"},"content":{"rendered":"\t\t<div data-elementor-type=\"wp-page\" data-elementor-id=\"4416\" class=\"elementor elementor-4416\">\n\t\t\t\t\t\t<div class=\"elementor-inner\">\n\t\t\t\t<div class=\"elementor-section-wrap\">\n\t\t\t\t\t\t\t\t\t<section class=\"elementor-section elementor-top-section elementor-element elementor-element-1139b2a5 elementor-section-boxed elementor-section-height-default elementor-section-height-default\" data-id=\"1139b2a5\" data-element_type=\"section\">\n\t\t\t\t\t\t<div class=\"elementor-container elementor-column-gap-default\">\n\t\t\t\t\t\t\t<div class=\"elementor-row\">\n\t\t\t\t\t<div class=\"aux-parallax-section elementor-column elementor-col-100 elementor-top-column elementor-element elementor-element-4bf82082\" data-id=\"4bf82082\" data-element_type=\"column\">\n\t\t\t<div class=\"elementor-column-wrap elementor-element-populated\">\n\t\t\t\t\t\t\t<div class=\"elementor-widget-wrap\">\n\t\t\t\t\t\t<div class=\"elementor-element elementor-element-30e26298 aux-appear-watch-animation aux-fade-in-right elementor-widget elementor-widget-aux_modern_heading\" data-id=\"30e26298\" data-element_type=\"widget\" data-widget_type=\"aux_modern_heading.default\">\n\t\t\t\t<div class=\"elementor-widget-container\">\n\t\t\t<section class=\"aux-widget-modern-heading\">\n            <div class=\"aux-widget-inner\"><h2 class=\"aux-modern-heading-primary\"><\/h2><h3 class=\"aux-modern-heading-secondary\"><span class=\"aux-head-before\">Teknik Hizmetler<\/span><\/h3><\/div>\n        <\/section>\t\t<\/div>\n\t\t\t\t<\/div>\n\t\t\t\t<div class=\"elementor-element elementor-element-6522a56c elementor-widget elementor-widget-text-editor\" data-id=\"6522a56c\" data-element_type=\"widget\" data-widget_type=\"text-editor.default\">\n\t\t\t\t<div class=\"elementor-widget-container\">\n\t\t\t\t\t\t\t\t<div class=\"elementor-text-editor elementor-clearfix\">\n\t\t\t\t<p><img loading=\"lazy\" decoding=\"async\" class=\"alignnone size-medium wp-image-4198 alignleft\" style=\"border-radius: 20px; margin-right: 10px;\" src=\"https:\/\/evacityyonetim.com\/wp-content\/uploads\/2023\/05\/teknik-hizmetler-300x280.png\" alt=\"\" width=\"300\" height=\"280\" srcset=\"https:\/\/evacityyonetim.com\/wp-content\/uploads\/2023\/05\/teknik-hizmetler-300x280.png 300w, https:\/\/evacityyonetim.com\/wp-content\/uploads\/2023\/05\/teknik-hizmetler-768x718.png 768w, https:\/\/evacityyonetim.com\/wp-content\/uploads\/2023\/05\/teknik-hizmetler-640x598.png 640w, https:\/\/evacityyonetim.com\/wp-content\/uploads\/2023\/05\/teknik-hizmetler-400x374.png 400w, https:\/\/evacityyonetim.com\/wp-content\/uploads\/2023\/05\/teknik-hizmetler-367x343.png 367w, https:\/\/evacityyonetim.com\/wp-content\/uploads\/2023\/05\/teknik-hizmetler.png 1024w\" sizes=\"auto, (max-width: 300px) 100vw, 300px\" \/><\/p><p style=\"text-align: left;\"><b>EVACITY<\/b>, olarak entegre tesis y\u00f6netimi hizmeti verdi\u011fimiz i\u015f ortaklar\u0131m\u0131z\u0131n toplu ya\u015fam ve \u00e7al\u0131\u015fma alanlar\u0131ndaki ta\u015f\u0131nmaz makine ve ekipmanlar\u0131n uzun \u00f6m\u00fcrl\u00fc olmas\u0131 ve performans anlam\u0131nda ise maksimum verim vermesi i\u00e7in sundu\u011fumuz Teknik Hizmetler kapsam\u0131nda;<\/p><p style=\"text-align: left;\">Tesis, cihaz, makine, ekipman ve alanlar\u0131n kullan\u0131ld\u0131klar\u0131 zaman dilimi i\u00e7inde i\u015fletilmesi ve fonksiyonlar\u0131n\u0131n kendilerinden beklenen \u015fekilde yerine getirmelerini sa\u011flamak \u00fczere gerekli \u00e7al\u0131\u015fmalar\u0131n yap\u0131lmas\u0131n\u0131 sa\u011flar\u0131z.<\/p><p style=\"text-align: left;\">Mevzuata g\u00f6re yapt\u0131r\u0131lmas\u0131 zorunlu test ve muayenelerin takibi, i\u015fletme sorumluluklar\u0131n\u0131n \u00fcstlenir, g\u00fcnl\u00fck i\u015fleri koordine eder, denetleriz.<\/p><p style=\"text-align: left;\">Ar\u0131za kay\u0131tlar\u0131 ile olu\u015fturulan veriler do\u011frultusunda d\u00fczeltici \u00f6nleyici bak\u0131m ve \/ veya yat\u0131r\u0131mlar\u0131n programlanmas\u0131n\u0131 sa\u011flar\u0131z.<\/p><p style=\"text-align: left;\">Tesis ve cihazlar\u0131n teknik a\u00e7\u0131dan performans ve durumlar\u0131n\u0131n de\u011ferlendirilmesi i\u00e7in periyodik denetlemelerini ve bak\u0131mlar\u0131n\u0131 yapar\u0131z.<\/p><p style=\"text-align: left;\">Tesis, cihaz, makine, ekipman, sistemler ve teknik hacimlerin devir teslim al\u0131nmas\u0131 s\u00fcrecini y\u00f6netir, eksikliklerin tespitini sa\u011flar\u0131z.<\/p><p style=\"text-align: left;\">Teknik hizmetler kalitesinin artt\u0131r\u0131lmas\u0131 i\u00e7in g\u00f6revli teknik personellere mesleki e\u011fitimler verir, sertifikaland\u0131r\u0131r\u0131z.<\/p><p style=\"text-align: left;\">Verilen teknik hizmetlere ait haftal\u0131k ve ayl\u0131k raporlamalar\u0131 haz\u0131rlar, \u00e7\u0131kan veriler do\u011frultusunda m\u00fc\u015fteri memnuniyetini belirlenen seviyelerde tutmak i\u00e7in \u00e7al\u0131\u015fmalar yapar\u0131z.<\/p>\t\t\t\t\t<\/div>\n\t\t\t\t\t\t<\/div>\n\t\t\t\t<\/div>\n\t\t\t\t\t\t<\/div>\n\t\t\t\t\t<\/div>\n\t\t<\/div>\n\t\t\t\t\t\t\t\t<\/div>\n\t\t\t\t\t<\/div>\n\t\t<\/section>\n\t\t\t\t<section class=\"elementor-section elementor-top-section elementor-element elementor-element-1e60523f elementor-section-boxed elementor-section-height-default elementor-section-height-default\" data-id=\"1e60523f\" data-element_type=\"section\">\n\t\t\t\t\t\t<div class=\"elementor-container elementor-column-gap-no\">\n\t\t\t\t\t\t\t<div class=\"elementor-row\">\n\t\t\t\t\t<div class=\"aux-parallax-section elementor-column elementor-col-100 elementor-top-column elementor-element elementor-element-7e892f10\" data-id=\"7e892f10\" data-element_type=\"column\" data-settings=\"{&quot;background_background&quot;:&quot;gradient&quot;}\">\n\t\t\t<div class=\"elementor-column-wrap elementor-element-populated\">\n\t\t\t\t\t\t\t<div class=\"elementor-widget-wrap\">\n\t\t\t\t\t\t<section class=\"elementor-section elementor-inner-section elementor-element elementor-element-e162e48 elementor-section-height-min-height elementor-section-boxed elementor-section-height-default\" data-id=\"e162e48\" data-element_type=\"section\">\n\t\t\t\t\t\t<div class=\"elementor-container elementor-column-gap-default\">\n\t\t\t\t\t\t\t<div class=\"elementor-row\">\n\t\t\t\t\t<div class=\"aux-parallax-section elementor-column elementor-col-50 elementor-inner-column elementor-element elementor-element-2517ce09\" data-id=\"2517ce09\" data-element_type=\"column\">\n\t\t\t<div class=\"elementor-column-wrap elementor-element-populated\">\n\t\t\t\t\t\t\t<div class=\"elementor-widget-wrap\">\n\t\t\t\t\t\t<div class=\"elementor-element elementor-element-1d772561 elementor-widget__width-auto aux-appear-watch-animation aux-slide-from-bot elementor-widget elementor-widget-counter\" data-id=\"1d772561\" data-element_type=\"widget\" data-widget_type=\"counter.default\">\n\t\t\t\t<div class=\"elementor-widget-container\">\n\t\t\t\t\t<div class=\"elementor-counter\">\n\t\t\t<div class=\"elementor-counter-number-wrapper\">\n\t\t\t\t<span class=\"elementor-counter-number-prefix\">%<\/span>\n\t\t\t\t<span class=\"elementor-counter-number\" data-duration=\"2000\" data-to-value=\"100\" data-from-value=\"0\" data-delimiter=\",\">0<\/span>\n\t\t\t\t<span class=\"elementor-counter-number-suffix\"><\/span>\n\t\t\t<\/div>\n\t\t\t\t\t<\/div>\n\t\t\t\t<\/div>\n\t\t\t\t<\/div>\n\t\t\t\t<div class=\"elementor-element elementor-element-7398c51d elementor-widget__width-auto elementor-widget-tablet__width-inherit elementor-widget-mobile__width-auto aux-appear-watch-animation aux-slide-from-top elementor-widget elementor-widget-aux_modern_heading\" data-id=\"7398c51d\" data-element_type=\"widget\" data-widget_type=\"aux_modern_heading.default\">\n\t\t\t\t<div class=\"elementor-widget-container\">\n\t\t\t<section class=\"aux-widget-modern-heading\">\n            <div class=\"aux-widget-inner\"><h2 class=\"aux-modern-heading-primary\">Y\u0131ll\u0131k Tecr\u00fcbemiz<\/h2><\/div>\n        <\/section>\t\t<\/div>\n\t\t\t\t<\/div>\n\t\t\t\t\t\t<\/div>\n\t\t\t\t\t<\/div>\n\t\t<\/div>\n\t\t\t\t<div class=\"aux-parallax-section elementor-column elementor-col-50 elementor-inner-column elementor-element elementor-element-251fc8ff\" data-id=\"251fc8ff\" data-element_type=\"column\">\n\t\t\t<div class=\"elementor-column-wrap elementor-element-populated\">\n\t\t\t\t\t\t\t<div class=\"elementor-widget-wrap\">\n\t\t\t\t\t\t<div class=\"elementor-element elementor-element-3df3e88b elementor-widget__width-auto aux-appear-watch-animation aux-slide-from-bot elementor-widget elementor-widget-counter\" data-id=\"3df3e88b\" data-element_type=\"widget\" data-widget_type=\"counter.default\">\n\t\t\t\t<div class=\"elementor-widget-container\">\n\t\t\t\t\t<div class=\"elementor-counter\">\n\t\t\t<div class=\"elementor-counter-number-wrapper\">\n\t\t\t\t<span class=\"elementor-counter-number-prefix\"><\/span>\n\t\t\t\t<span class=\"elementor-counter-number\" data-duration=\"2000\" data-to-value=\"50\" data-from-value=\"0\" data-delimiter=\",\">0<\/span>\n\t\t\t\t<span class=\"elementor-counter-number-suffix\">+<\/span>\n\t\t\t<\/div>\n\t\t\t\t\t<\/div>\n\t\t\t\t<\/div>\n\t\t\t\t<\/div>\n\t\t\t\t<div class=\"elementor-element elementor-element-45fa3efd elementor-widget__width-auto elementor-widget-tablet__width-inherit elementor-widget-mobile__width-auto aux-appear-watch-animation aux-slide-from-top elementor-widget elementor-widget-aux_modern_heading\" data-id=\"45fa3efd\" data-element_type=\"widget\" data-widget_type=\"aux_modern_heading.default\">\n\t\t\t\t<div class=\"elementor-widget-container\">\n\t\t\t<section class=\"aux-widget-modern-heading\">\n            <div class=\"aux-widget-inner\"><h2 class=\"aux-modern-heading-primary\">M\u00fc\u015fterilerimiz<\/h2><\/div>\n        <\/section>\t\t<\/div>\n\t\t\t\t<\/div>\n\t\t\t\t\t\t<\/div>\n\t\t\t\t\t<\/div>\n\t\t<\/div>\n\t\t\t\t<div class=\"aux-parallax-section elementor-column elementor-col-50 elementor-inner-column elementor-element elementor-element-38bee674\" data-id=\"38bee674\" data-element_type=\"column\">\n\t\t\t<div class=\"elementor-column-wrap elementor-element-populated\">\n\t\t\t\t\t\t\t<div class=\"elementor-widget-wrap\">\n\t\t\t\t\t\t<div class=\"elementor-element elementor-element-4e9d959e elementor-widget__width-auto aux-appear-watch-animation aux-slide-from-bot elementor-widget elementor-widget-counter\" data-id=\"4e9d959e\" data-element_type=\"widget\" data-widget_type=\"counter.default\">\n\t\t\t\t<div class=\"elementor-widget-container\">\n\t\t\t\t\t<div class=\"elementor-counter\">\n\t\t\t<div class=\"elementor-counter-number-wrapper\">\n\t\t\t\t<span class=\"elementor-counter-number-prefix\"><\/span>\n\t\t\t\t<span class=\"elementor-counter-number\" data-duration=\"2000\" data-to-value=\"9\" data-from-value=\"0\" data-delimiter=\",\">0<\/span>\n\t\t\t\t<span class=\"elementor-counter-number-suffix\">+<\/span>\n\t\t\t<\/div>\n\t\t\t\t\t<\/div>\n\t\t\t\t<\/div>\n\t\t\t\t<\/div>\n\t\t\t\t<div class=\"elementor-element elementor-element-26ad021e elementor-widget__width-auto elementor-widget-tablet__width-inherit elementor-widget-mobile__width-auto aux-appear-watch-animation aux-slide-from-top elementor-widget elementor-widget-aux_modern_heading\" data-id=\"26ad021e\" data-element_type=\"widget\" data-widget_type=\"aux_modern_heading.default\">\n\t\t\t\t<div class=\"elementor-widget-container\">\n\t\t\t<section class=\"aux-widget-modern-heading\">\n            <div class=\"aux-widget-inner\"><h2 class=\"aux-modern-heading-primary\">Y\u0131ll\u0131k Tecr\u00fcbemiz<\/h2><\/div>\n        <\/section>\t\t<\/div>\n\t\t\t\t<\/div>\n\t\t\t\t\t\t<\/div>\n\t\t\t\t\t<\/div>\n\t\t<\/div>\n\t\t\t\t\t\t\t\t<\/div>\n\t\t\t\t\t<\/div>\n\t\t<\/section>\n\t\t\t\t\t\t<\/div>\n\t\t\t\t\t<\/div>\n\t\t<\/div>\n\t\t\t\t\t\t\t\t<\/div>\n\t\t\t\t\t<\/div>\n\t\t<\/section>\n\t\t\t\t\t\t\t\t\t<\/div>\n\t\t\t<\/div>\n\t\t\t\t\t<\/div>\n\t\t","protected":false},"excerpt":{"rendered":"<p>Teknik Hizmetler EVACITY, olarak entegre tesis y\u00f6netimi hizmeti verdi\u011fimiz i\u015f ortaklar\u0131m\u0131z\u0131n toplu ya\u015fam ve \u00e7al\u0131\u015fma alanlar\u0131ndaki ta\u015f\u0131nmaz makine ve ekipmanlar\u0131n uzun \u00f6m\u00fcrl\u00fc olmas\u0131 ve performans anlam\u0131nda ise maksimum verim vermesi i\u00e7in sundu\u011fumuz Teknik Hizmetler kapsam\u0131nda; Tesis, cihaz, makine, ekipman ve alanlar\u0131n kullan\u0131ld\u0131klar\u0131 zaman dilimi i\u00e7inde i\u015fletilmesi ve fonksiyonlar\u0131n\u0131n kendilerinden beklenen \u015fekilde yerine getirmelerini sa\u011flamak \u00fczere [&hellip;]<\/p>\n","protected":false},"author":1,"featured_media":0,"parent":0,"menu_order":0,"comment_status":"closed","ping_status":"closed","template":"","meta":{"footnotes":""},"class_list":["post-4416","page","type-page","status-publish","hentry"],"_links":{"self":[{"href":"https:\/\/evacityyonetim.com\/index.php?rest_route=\/wp\/v2\/pages\/4416","targetHints":{"allow":["GET"]}}],"collection":[{"href":"https:\/\/evacityyonetim.com\/index.php?rest_route=\/wp\/v2\/pages"}],"about":[{"href":"https:\/\/evacityyonetim.com\/index.php?rest_route=\/wp\/v2\/types\/page"}],"author":[{"embeddable":true,"href":"https:\/\/evacityyonetim.com\/index.php?rest_route=\/wp\/v2\/users\/1"}],"replies":[{"embeddable":true,"href":"https:\/\/evacityyonetim.com\/index.php?rest_route=%2Fwp%2Fv2%2Fcomments&post=4416"}],"version-history":[{"count":7,"href":"https:\/\/evacityyonetim.com\/index.php?rest_route=\/wp\/v2\/pages\/4416\/revisions"}],"predecessor-version":[{"id":4811,"href":"https:\/\/evacityyonetim.com\/index.php?rest_route=\/wp\/v2\/pages\/4416\/revisions\/4811"}],"wp:attachment":[{"href":"https:\/\/evacityyonetim.com\/index.php?rest_route=%2Fwp%2Fv2%2Fmedia&parent=4416"}],"curies":[{"name":"wp","href":"https:\/\/api.w.org\/{rel}","templated":true}]}}